 20710430?
2, 5, 13, 159311
List the prime factors of 396386.
2, 198193
List the prime factors of 350590.
2, 5, 35059
List the prime factors of 14568865.
5, 2913773
What are the prime factors of 331179?
3, 101, 1093
List the prime factors of 469434.
2, 3, 7, 11177
What are the prime factors of 13145049?
3, 101, 14461
What are the prime factors of 1591621?
1591621
What are the prime factors of 2340090?
2, 3, 5, 107
List the prime factors of 2150930.
2, 5, 29, 7417
List the prime factors of 923353.
149, 6197
List the prime factors of 3450622.
2, 7, 246473
What are the prime factors of 1129657?
229, 4933
What are the prime factors of 228196?
2, 89, 641
List the prime factors of 284348.
2, 67, 1061
What are the prime factors of 861590?
2, 5, 29, 2971
List the prime factors of 1658092.
2, 19, 21817
What are the prime factors of 288558?
2, 3, 17, 23, 41
What are the prime factors of 925450?
2, 5, 83, 223
List the prime factors of 1142896.
2, 61, 1171
List the prime factors of 207216.
2, 3, 1439
List the prime factors of 3623016.
2, 3, 150959
What are the prime factors of 644507?
644507
List the prime factors of 355229.
7, 31, 1637
List the prime factors of 401532.
2, 3, 33461
List the prime factors of 1404708.
2, 3, 19, 61, 101
What are the prime factors of 121609?
121609
List the prime factors of 5742181.
5742181
List the prime factors of 1055599.
449, 2351
List the prime factors of 9983.
67, 149
What are the prime factors of 305559?
3, 11317
What are the prime factors of 421342?
2, 210671
List the prime factors of 219346.
2, 109673
What are the prime factors of 5016743?
97, 51719
What are the prime factors of 321669?
3, 103, 347
What are the prime factors of 687869?
7, 13, 7559
List the prime factors of 21068540.
2, 5, 37, 71, 401
What are the prime factors of 3320204?
2, 830051
List the prime factors of 5172631.
23, 224897
What are the prime factors of 937651?
11, 13, 79, 83
What are the prime factors of 748927?
131, 5717
What are the prime factors of 1739666?
2, 37, 23509
List the prime factors of 76145.
5, 97, 157
What are the prime factors of 6342814?
2, 3171407
What are the prime factors of 2802431?
31, 90401
What are the prime factors of 6526441?
211, 30931
What are the prime factors of 2831675?
5, 7, 11, 1471
List the prime factors of 38595.
3, 5, 31, 83
What are the prime factors of 6696392?
2, 257, 3257
What are the prime factors of 6651316?
2, 7, 237547
List the prime factors of 263069.
503, 523
What are the prime factors of 263996?
2, 31, 2129
What are the prime factors of 891353?
151, 5903
What are the prime factors of 66280?
2, 5, 1657
What are the prime factors of 2900080?
2, 5, 36251
What are the prime factors of 7850?
2, 5, 157
What are the prime factors of 279733?
467, 599
What are the prime factors of 2325200?
2, 5, 5813
What are the prime factors of 23047376?
2, 11, 17, 7703
List the prime factors of 60303.
3, 20101
What are the prime factors of 102053?
7, 61, 239
List the prime factors of 251331.
3, 83777
What are the prime factors of 4522725?
3, 5, 20101
List the prime factors of 9974912.
2, 77929
List the prime factors of 506561.
11, 46051
What are the prime factors of 20264952?
2, 3, 17, 49669
What are the prime factors of 469714?
2, 7, 4793
What are the prime factors of 135318?
2, 3, 19, 1187
What are the prime factors of 2169176?
2, 23, 11789
What are the prime factors of 125708?
2, 11, 2857
List the prime factors of 23744395.
5, 19, 23, 10867
List the prime factors of 1732877.
353, 4909
What are the prime factors of 695757?
3, 231919
What are the prime factors of 9404265?
3, 5, 13, 29, 1663
What are the prime factors of 30245385?
3, 5, 2016359
What are the prime factors of 559149?
3, 29, 6427
What are the prime factors of 8393984?
2, 32789
List the prime factors of 21227264.
2, 283, 293
What are the prime factors of 3027169?
3027169
What are the prime factors of 5861088?
2, 3, 47, 433
What are the prime factors of 828404?
2, 73, 2837
What are the prime factors of 8758008?
2, 3, 7, 17377
What are the prime factors of 180065?
5, 36013
List the prime factors of 132687.
3, 23, 641
What are the prime factors of 109566?
2, 3, 2029
List the prime factors of 4246344.
2, 3, 6553
What are the prime factors of 5332663?
7, 761809
List the prime factors of 2497339.
13, 192103
List the prime factors of 457622.
2, 11, 31, 61
What are the prime factors of 1972244?
2, 103, 4787
What are the prime factors of 40312?
2, 5039
List the prime factors of 1294826.
2, 13, 49801
List the prime factors of 3236473.
1409, 2297
What are the prime factors of 1197310?
2, 5, 17, 7043
List the prime factors of 10778355.
3, 5, 7, 34217
List the prime factors of 8423974.
2, 13, 24923
What are the prime factors of 421249?
19, 22171
What are the prime factors of 881550?
2, 3, 5, 653
List the prime factors of 711361.
7, 151, 673
What are the prime factors of 246028?
2, 61507
What are the prime factors of 13275884?
2, 1657, 2003
List the prime factors of 1251964.
2, 7, 61, 733
What are the prime factors of 11943424?
2, 23327
List the prime factors of 6058540.
2, 5, 302927
List the prime factors of 2291458.
2, 13, 31, 2843
What are the prime factors of 90485?
5, 18097
List the prime factors of 266092.
2, 66523
List the prime factors of 5530447.
13, 425419
What are the prime factors of 8780025?
3, 5, 167, 701
List the prime factors of 1279231.
61, 67, 313
List the prime factors of 276651.
3, 59, 521
What are the prime factors of 190038?
2, 3, 19, 1667
List the prime factors of 903879.
3, 11159
What are the prime factors of 62195?
5, 7, 1777
What are the prime factors of 230376?
2, 3, 29, 331
List the prime factors of 5287191.
3, 7, 13, 107, 181
List the prime factors of 210607.
47, 4481
List the prime factors of 1028179.
281, 3659
What are the prime factors of 444436?
2, 111109
List the prime factors of 603260.
2, 5, 7, 31, 139
What are the prime factors of 305395?
5, 103, 593
List the prime factors of 4810217.
4810217
List the prime factors of 3700851.
3, 7, 11, 37, 433
What are the prime factors of 206495?
5, 41299
What are the prime factors of 14510513?
14510513
List the prime factors of 124620.
2, 3, 5, 31, 67
What are the prime factors of 653911?
47, 13913
What are the prime factors of 472175?
5, 11, 17, 101
List the prime factors of 943416.
2, 3, 13103
What are the prime factors of 2539894?
2, 7, 181421
What are the prime factors of 643036?
2, 19, 8461
What are the prime factors of 378319?
103, 3673
What are the prime factors of 34583223?
3, 43, 227, 1181
What are the prime factors of 315751?
315751
List the prime factors of 972072.
2, 3, 23, 587
List the prime factors of 845578.
2, 422789
List the prime factors of 21812642.
2, 277, 39373
List the prime factors of 28897901.
223, 129587
What are the prime factors of 13677574?
2, 269, 25423
What are the prime factors of 981638?
2, 7, 70117
What are the prime factors of 7187770?
2, 5, 17, 42281
What are the prime factors of 151601?
19, 79, 101
List the prime factors of 44290306.
2, 22145153
What are the prime factors of 9316793?
1163, 8011
What are the prime factors of 1355556?
2, 3, 83, 1361
What are the prime factors of 43511231?
43511231
List the prime factors of 1017664.
2, 15901
List the prime factors of 3436783.
7, 490969
List the prime factors of 1844789.
17, 108517
What are the prime factors of 568120?
2, 5, 7, 2029
List the prime factors of 269659.
13, 20743
What are the prime factors of 1880379?
3, 208931
List the prime factors of 26834.
2, 13417
What are the prime factors of 3671951?
29, 127, 997
What are the prime factors of 693253?
11, 19, 31, 107
List the prime factors of 7252935.
3, 5, 23, 21023
List the prime factors of 4905648.
2, 3, 11, 19, 163
What are the prime factors of 5804257?
23, 252359
What are the prime factors of 6042265?
5, 53, 151
List the prime factors of 479276.
2, 7, 17117
List the prime factors of 754143.
3, 13, 61, 317
What are the prime factors of 79814?
2, 7, 5701
What are the prime factors of 19657970?
2, 5, 19, 157, 659
List the prime factors of 3080467.
13, 29, 8171
What are the prime factors of 1851324?
2, 3, 154277
What are the prime factors of 16035607?
7, 17, 134753
What are the prime factors of 1023816?
2, 3, 29, 1471
What are the prime factors of 19214630?
2, 5